{"id":247242,"date":"2022-07-15T15:36:28","date_gmt":"2022-07-15T15:36:28","guid":{"rendered":"https:\/\/masquehumana.xyz\/?page_id=247242"},"modified":"2023-01-02T12:31:29","modified_gmt":"2023-01-02T12:31:29","slug":"aprendizaje","status":"publish","type":"page","link":"https:\/\/masquehumana.xyz\/?page_id=247242","title":{"rendered":"aprendizaje"},"content":{"rendered":"<p>[et_pb_section fb_built=&#8221;1&#8243; admin_label=&#8221;Post Description Section&#8221; _builder_version=&#8221;4.17.4&#8243; _module_preset=&#8221;default&#8221; background_color=&#8221;#FFFFFF&#8221; use_background_color_gradient=&#8221;on&#8221; background_color_gradient_stops=&#8221;rgba(216,216,216,0) 0%|rgba(45,183,45,0.41) 36%|rgba(79,11,65,0) 82%&#8221; custom_margin=&#8221;||45px|||&#8221; custom_padding=&#8221;3px|0px|48px|0px|false|false&#8221; collapsed=&#8221;off&#8221; global_colors_info=&#8221;{}&#8221; da_is_popup=&#8221;off&#8221; da_exit_intent=&#8221;off&#8221; da_has_close=&#8221;on&#8221; da_alt_close=&#8221;off&#8221; da_dark_close=&#8221;off&#8221; da_not_modal=&#8221;on&#8221; da_is_singular=&#8221;off&#8221; da_with_loader=&#8221;off&#8221; da_has_shadow=&#8221;on&#8221; da_disable_devices=&#8221;off|off|off&#8221;][et_pb_row custom_padding_last_edited=&#8221;on|phone&#8221; module_class=&#8221;dl-floating dl-floating1&#8243; _builder_version=&#8221;4.17.4&#8243; _module_preset=&#8221;default&#8221; width=&#8221;100%&#8221; min_height=&#8221;68.7px&#8221; custom_margin=&#8221;5px|auto||auto|false|false&#8221; custom_margin_tablet=&#8221;43px|auto||auto|false|false&#8221; custom_margin_phone=&#8221;43px|auto||auto|false|false&#8221; custom_margin_last_edited=&#8221;on|desktop&#8221; custom_padding=&#8221;23px||12px|0px|false|false&#8221; custom_padding_tablet=&#8221;|||30px|false|false&#8221; custom_padding_phone=&#8221;|||30px|false|false&#8221; locked=&#8221;off&#8221; global_colors_info=&#8221;{}&#8221;][et_pb_column type=&#8221;4_4&#8243; _builder_version=&#8221;4.16&#8243; _module_preset=&#8221;default&#8221; custom_padding=&#8221;|||&#8221; global_colors_info=&#8221;{}&#8221; custom_padding__hover=&#8221;|||&#8221;][et_pb_text admin_label=&#8221;Features Section Title&#8221; _builder_version=&#8221;4.17.4&#8243; _dynamic_attributes=&#8221;content&#8221; _module_preset=&#8221;default&#8221; text_font=&#8221;|700|||||||&#8221; text_text_color=&#8221;#000000&#8243; text_font_size=&#8221;40px&#8221; header_font=&#8221;|700||on|||||&#8221; header_text_align=&#8221;left&#8221; header_font_size=&#8221;52px&#8221; header_letter_spacing=&#8221;4px&#8221; header_line_height=&#8221;1.2em&#8221; header_2_font=&#8221;||||||||&#8221; module_alignment=&#8221;center&#8221; custom_margin=&#8221;|||&#8221; custom_padding=&#8221;|||&#8221; animation_style=&#8221;fade&#8221; header_font_size_tablet=&#8221;40px&#8221; header_font_size_phone=&#8221;17px&#8221; header_font_size_last_edited=&#8221;on|tablet&#8221; locked=&#8221;off&#8221; global_colors_info=&#8221;{}&#8221;]@ET-DC@eyJkeW5hbWljIjp0cnVlLCJjb250ZW50IjoicG9zdF90aXRsZSIsInNldHRpbmdzIjp7ImJlZm9yZSI6IiIsImFmdGVyIjoiIn19@[\/et_pb_text][\/et_pb_column][\/et_pb_row][et_pb_row _builder_version=&#8221;4.17.4&#8243; _module_preset=&#8221;default&#8221; custom_margin=&#8221;47px|auto||auto||&#8221; custom_padding=&#8221;||0px|||&#8221; global_colors_info=&#8221;{}&#8221;][et_pb_column type=&#8221;4_4&#8243; _builder_version=&#8221;4.17.4&#8243; _module_preset=&#8221;default&#8221; global_colors_info=&#8221;{}&#8221;][lwp_post_carousel post_count=&#8221;8&#8243; post_categories=&#8221;10&#8243; show_dots=&#8221;off&#8221; autoplay_animation=&#8221;on&#8221; autoplay_animation_speed=&#8221;3700ms&#8221; infinite_animation=&#8221;on&#8221; arrow_color=&#8221;#000000&#8243; arrow_bg=&#8221;RGBA(255,255,255,0)&#8221; dots_color=&#8221;#000000&#8243; post_background=&#8221;RGBA(255,255,255,0)&#8221; _builder_version=&#8221;4.17.4&#8243; _module_preset=&#8221;default&#8221; post_title_font=&#8221;|||||||RGBA(255,255,255,0)|&#8221; post_title_text_color=&#8221;#000000&#8243; post_title_font_size=&#8221;18px&#8221; post_title_letter_spacing=&#8221;1.5px&#8221; post_title_line_height=&#8221;2.4em&#8221; background_color=&#8221;RGBA(255,255,255,0)&#8221; text_orientation=&#8221;center&#8221; animation_style=&#8221;fade&#8221; border_width_all_post=&#8221;0px&#8221; border_color_all_post=&#8221;#000000&#8243; global_colors_info=&#8221;{}&#8221;][\/lwp_post_carousel][\/et_pb_column][\/et_pb_row][et_pb_row custom_padding_last_edited=&#8221;on|desktop&#8221; _builder_version=&#8221;4.17.4&#8243; _module_preset=&#8221;default&#8221; width=&#8221;100%&#8221; min_height=&#8221;100px&#8221; custom_margin=&#8221;0px|auto|50px|auto|false|false&#8221; custom_padding=&#8221;0px|0px|3px||false|false&#8221; custom_padding_tablet=&#8221;|30px|0px||false|false&#8221; custom_padding_phone=&#8221;|30px|0px||false|false&#8221; hover_enabled=&#8221;0&#8243; global_colors_info=&#8221;{}&#8221; sticky_enabled=&#8221;0&#8243;][et_pb_column type=&#8221;4_4&#8243; _builder_version=&#8221;4.17.4&#8243; _module_preset=&#8221;default&#8221; global_colors_info=&#8221;{}&#8221;][et_pb_text _builder_version=&#8221;4.17.4&#8243; _module_preset=&#8221;default&#8221; text_font=&#8221;|600|||||||&#8221; text_text_color=&#8221;#000000&#8243; text_font_size=&#8221;20px&#8221; width=&#8221;100%&#8221; custom_margin=&#8221;15px||9px|||&#8221; custom_padding=&#8221;|||0px|false|false&#8221; custom_padding_tablet=&#8221;|||30px|false|false&#8221; custom_padding_phone=&#8221;|||30px|false|false&#8221; custom_padding_last_edited=&#8221;on|phone&#8221; hover_enabled=&#8221;0&#8243; global_colors_info=&#8221;{}&#8221; sticky_enabled=&#8221;0&#8243;]<\/p>\n<p style=\"text-align: justify;\"><span style=\"font-weight: 400;\">Desde que empezamos, el proyecto nos ha ido llevando por caminos que no hab\u00edamos previsto, gener\u00e1ndose un aprendizaje colectivo a trav\u00e9s de diferentes acciones.\u00a0<\/span><\/p>\n<p style=\"text-align: justify;\"><span style=\"font-weight: 400;\">Al comenzar, aprendimos que existen alrededor de 20.000 especies de abejas distintas en el planeta, en su gran mayor\u00eda abejas solitarias. S\u00f3lo en Espa\u00f1a, hay 1.000 especies diferentes, de las cuales s\u00f3lo dos producen miel. Tambi\u00e9n, hemos podido entender la potencialidad de las \u00e1reas urbanizadas para acoger la biodiversidad. Respecto a la polinizaci\u00f3n, hemos comprendido que la ausencia de flora significa falta de alimentaci\u00f3n para muchas especies de insecots: cuanta mayor diversidad de flora exista, mayor disponibilidad de alimento y, por tanto, mayor diversidad.\u00a0<\/span><\/p>\n<p style=\"text-align: justify;\"><span style=\"font-weight: 400;\">Hemos generado lecturas del entorno urbano atendiendo a estas interdependencias y \u201calianzas multiespecie\u201d. \u00bfY si en lugar de \u201cabeja\u201d, \u201ctierra\u201d, \u201cmalva\u201d pensamos en los nombres que tendr\u00edan las alianzas entre ellas?<\/span><\/p>\n<p>[\/et_pb_text][\/et_pb_column][\/et_pb_row][\/et_pb_section]<\/p>\n","protected":false},"excerpt":{"rendered":"<p><div class=\"et_pb_with_border et_pb_module lwp_post_carousel lwp_post_carousel_0 et_animated\">\n\t\t\t\t\n\t\t\t\t\n\t\t\t\t\n\t\t\t\t\n\t\t\t\t\n\t\t\t\t\n\t\t\t\t<div class=\"et_pb_module_inner\">\n\t\t\t\t\t\r\n\t\t\t<section class=\"lwp-slick-slider slider small-slider lwp-default-slider lwp-side-center\" data-slick='{ \"vertical\":false, \"slidesToShow\": 3, \"slidesToScroll\": 1, \"dots\":false, \"arrows\":true, \"infinite\":true, \"autoplay\":true, \"autoplaySpeed\":3700, \"pauseOnHover\":true, \"adaptiveHeight\":true, \"speed\":300, \"responsive\": [ { \"breakpoint\": 980, \"settings\": { \"slidesToShow\": 3, \"slidesToScroll\": 1, \"arrows\":true,\"dots\":false } } ,{ \"breakpoint\": 767, \"settings\": { \"slidesToShow\": 1, \"slidesToScroll\": 1, \"arrows\":true,\"dots\":false } } ] }'>\r\n\t\t\t\t<div class=\"lwp_post_carousel_item\">\r\n\t\t\t<div class=\"lwp_post_carousel_item_inner lwp_carousel_default\"><div class=\"lwp_post_carousel_image\">\r\n\t\t\t<a class=\"lwp_carousel_featured_image\" href=\"https:\/\/masquehumana.xyz\/?p=247280\">\r\n\t\t\t<img width=\"400\" height=\"250\" src=\"https:\/\/masquehumana.xyz\/wp-content\/uploads\/2022\/07\/IMG_20220427_165904-400x250.jpg\" class=\"attachment-et-pb-post-main-image size-et-pb-post-main-image wp-post-image\" alt=\"\" loading=\"lazy\" \/>\r\n\t\t\t<\/a>\r\n\t\t<\/div><div class=\"lwp_post_carousel_title\">\r\n\t\t\t\t\t<h4 class=\"lwp_post_carousel_heading\">\r\n\t\t\t\t\t\t<a class=\"lwp_post_title\" href=\"https:\/\/masquehumana.xyz\/?p=247280\">pokeplants<\/a>\r\n\t\t\t\t\t<\/h4>\r\n\t\t\t\t<\/div><p class=\"lwp_post_carousel_meta\"><span class=\"lwp_meta_by\">by<\/span> <a href=\"https:\/\/masquehumana.xyz\/?author=1\" title=\"Posts by masquehumana@gmail.com\" rel=\"author\">masquehumana@gmail.com<\/a> <span class=\"lwp_meta_separator\">|<\/span> <span class=\"lwp_meta_date\">Jul 15, 2022<\/span> <span class=\"lwp_meta_separator\">|<\/span> <span class=\"lwp_meta_categories\"><a href=\"https:\/\/masquehumana.xyz\/?cat=10\" rel=\"category\">aprendizaje<\/a><\/span> <span class=\"lwp_meta_separator\">|<\/span> <span class=\"lwp_meta_comments\">0 Comments<\/span><\/p><div class=\"lwp_post_carousel_excerpt\"><p>A modo de registro y como material tanto l\u00fadico como divulgativo, hicimos barajas de cartas que explicaban las m\u00faltiples especies que habitaban la isla de...<\/p>\n<\/div><div class=\"lwp_post_carousel_read_more\">\r\n\t\t\t\t\t<div class=\"et_pb_button_wrapper\"><a class=\"et_pb_button\" href=\"https:\/\/masquehumana.xyz\/?p=247280\">Read More<\/a><\/div>\r\n\t\t\t\t<\/div>\r\n\t\t\t<\/div>\r\n\t\t<\/div><div class=\"lwp_post_carousel_item\">\r\n\t\t\t<div class=\"lwp_post_carousel_item_inner lwp_carousel_default\"><div class=\"lwp_post_carousel_image\">\r\n\t\t\t<a class=\"lwp_carousel_featured_image\" href=\"https:\/\/masquehumana.xyz\/?p=247261\">\r\n\t\t\t<img width=\"400\" height=\"250\" src=\"https:\/\/masquehumana.xyz\/wp-content\/uploads\/2022\/07\/adventicias-4-400x250.jpeg\" class=\"attachment-et-pb-post-main-image size-et-pb-post-main-image wp-post-image\" alt=\"\" loading=\"lazy\" \/>\r\n\t\t\t<\/a>\r\n\t\t<\/div><div class=\"lwp_post_carousel_title\">\r\n\t\t\t\t\t<h4 class=\"lwp_post_carousel_heading\">\r\n\t\t\t\t\t\t<a class=\"lwp_post_title\" href=\"https:\/\/masquehumana.xyz\/?p=247261\">adventicias<\/a>\r\n\t\t\t\t\t<\/h4>\r\n\t\t\t\t<\/div><p class=\"lwp_post_carousel_meta\"><span class=\"lwp_meta_by\">by<\/span> <a href=\"https:\/\/masquehumana.xyz\/?author=1\" title=\"Posts by masquehumana@gmail.com\" rel=\"author\">masquehumana@gmail.com<\/a> <span class=\"lwp_meta_separator\">|<\/span> <span class=\"lwp_meta_date\">Jul 15, 2022<\/span> <span class=\"lwp_meta_separator\">|<\/span> <span class=\"lwp_meta_categories\"><a href=\"https:\/\/masquehumana.xyz\/?cat=10\" rel=\"category\">aprendizaje<\/a><\/span> <span class=\"lwp_meta_separator\">|<\/span> <span class=\"lwp_meta_comments\">0 Comments<\/span><\/p><div class=\"lwp_post_carousel_excerpt\"><p>Prestamos atenci\u00f3n a las plantas adventicias, mal llamadas \u201cmalas hierbas\u201d. Las pusimos en valor como seres regeneradores de suelo degradado, tercer paisaje y alimento...<\/p>\n<\/div><div class=\"lwp_post_carousel_read_more\">\r\n\t\t\t\t\t<div class=\"et_pb_button_wrapper\"><a class=\"et_pb_button\" href=\"https:\/\/masquehumana.xyz\/?p=247261\">Read More<\/a><\/div>\r\n\t\t\t\t<\/div>\r\n\t\t\t<\/div>\r\n\t\t<\/div><div class=\"lwp_post_carousel_item\">\r\n\t\t\t<div class=\"lwp_post_carousel_item_inner lwp_carousel_default\"><div class=\"lwp_post_carousel_image\">\r\n\t\t\t<a class=\"lwp_carousel_featured_image\" href=\"https:\/\/masquehumana.xyz\/?p=247247\">\r\n\t\t\t<img width=\"400\" height=\"250\" src=\"https:\/\/masquehumana.xyz\/wp-content\/uploads\/2022\/07\/dibujodelnatural-1-400x250.jpg\" class=\"attachment-et-pb-post-main-image size-et-pb-post-main-image wp-post-image\" alt=\"\" loading=\"lazy\" \/>\r\n\t\t\t<\/a>\r\n\t\t<\/div><div class=\"lwp_post_carousel_title\">\r\n\t\t\t\t\t<h4 class=\"lwp_post_carousel_heading\">\r\n\t\t\t\t\t\t<a class=\"lwp_post_title\" href=\"https:\/\/masquehumana.xyz\/?p=247247\">percepci\u00f3n a trav\u00e9s del dibujo del natural<\/a>\r\n\t\t\t\t\t<\/h4>\r\n\t\t\t\t<\/div><p class=\"lwp_post_carousel_meta\"><span class=\"lwp_meta_by\">by<\/span> <a href=\"https:\/\/masquehumana.xyz\/?author=1\" title=\"Posts by masquehumana@gmail.com\" rel=\"author\">masquehumana@gmail.com<\/a> <span class=\"lwp_meta_separator\">|<\/span> <span class=\"lwp_meta_date\">Jul 15, 2022<\/span> <span class=\"lwp_meta_separator\">|<\/span> <span class=\"lwp_meta_categories\"><a href=\"https:\/\/masquehumana.xyz\/?cat=10\" rel=\"category\">aprendizaje<\/a><\/span> <span class=\"lwp_meta_separator\">|<\/span> <span class=\"lwp_meta_comments\">0 Comments<\/span><\/p><div class=\"lwp_post_carousel_excerpt\"><p>El dibujo del natural se ha utilizado en el taller como herramienta para potenciar nuestra percepci\u00f3n y sensibilidad con el entorno que habitamos. El dibujo traduce a...<\/p>\n<\/div><div class=\"lwp_post_carousel_read_more\">\r\n\t\t\t\t\t<div class=\"et_pb_button_wrapper\"><a class=\"et_pb_button\" href=\"https:\/\/masquehumana.xyz\/?p=247247\">Read More<\/a><\/div>\r\n\t\t\t\t<\/div>\r\n\t\t\t<\/div>\r\n\t\t<\/div>\r\n\t\t\t<\/section>\n\t\t\t\t<\/div>\n\t\t\t<\/div>Desde que empezamos, el proyecto nos ha ido llevando por caminos que no hab\u00edamos previsto, gener\u00e1ndose un aprendizaje colectivo a trav\u00e9s de diferentes acciones.\u00a0 Al comenzar, aprendimos que existen alrededor de 20.000 [&hellip;]<\/p>\n","protected":false},"author":1,"featured_media":0,"parent":7,"menu_order":0,"comment_status":"closed","ping_status":"closed","template":"","meta":{"_et_pb_use_builder":"on","_et_pb_old_content":"","_et_gb_content_width":"","om_disable_all_campaigns":false,"_monsterinsights_skip_tracking":false,"_monsterinsights_sitenote_active":false,"_monsterinsights_sitenote_note":"","_monsterinsights_sitenote_category":0},"_links":{"self":[{"href":"https:\/\/masquehumana.xyz\/index.php?rest_route=\/wp\/v2\/pages\/247242"}],"collection":[{"href":"https:\/\/masquehumana.xyz\/index.php?rest_route=\/wp\/v2\/pages"}],"about":[{"href":"https:\/\/masquehumana.xyz\/index.php?rest_route=\/wp\/v2\/types\/page"}],"author":[{"embeddable":true,"href":"https:\/\/masquehumana.xyz\/index.php?rest_route=\/wp\/v2\/users\/1"}],"replies":[{"embeddable":true,"href":"https:\/\/masquehumana.xyz\/index.php?rest_route=%2Fwp%2Fv2%2Fcomments&post=247242"}],"version-history":[{"count":4,"href":"https:\/\/masquehumana.xyz\/index.php?rest_route=\/wp\/v2\/pages\/247242\/revisions"}],"predecessor-version":[{"id":247647,"href":"https:\/\/masquehumana.xyz\/index.php?rest_route=\/wp\/v2\/pages\/247242\/revisions\/247647"}],"up":[{"embeddable":true,"href":"https:\/\/masquehumana.xyz\/index.php?rest_route=\/wp\/v2\/pages\/7"}],"wp:attachment":[{"href":"https:\/\/masquehumana.xyz\/index.php?rest_route=%2Fwp%2Fv2%2Fmedia&parent=247242"}],"curies":[{"name":"wp","href":"https:\/\/api.w.org\/{rel}","templated":true}]}}